et b be 0 - (-76)/12 - (-8)/(-6). Suppose 0 = -2*j - p + b*p + 974, -2*j = -2*p - 966. Suppose -3*n + 154 = -j. List the prime factors of n.
211
Suppose 5*q - 5*m - 2 = 63, m - 89 = -5*q. Let c(a) = a - 10. Let y be c(q). Suppose -3*r + y*r = 332. What are the prime factors of r?
83
What are the prime factors of 1180/2 - (30 - 33)?
593
List the prime factors of (-6026161)/(-161) + -10 - 8*(-2)/(-28).
3, 12473
Let c(h) = -243*h**2 - 13*h + 14. Let n be c(1). Let k = 297 + n. List the prime factors of k.
5, 11
Let o(d) = d**3 - 9*d**2 - 15*d + 6. Let p be o(12). Suppose p - 34 = n. Suppose -3*m = y - 176, 4*m = y + 3*y + n. List the prime factors of m.
2, 29
Let l be (456/18)/(-4)*1872/(-2). List the prime factors of 5 + l/8 + 2.
2, 11, 17
Suppose 36700 = 71*x - 1092342. What are the prime factors of x?
2, 7951
Let m(p) = p**2 - 8*p + 5. Let o be 5/(150/18) + 54/10. Let g be m(o). Let a(z) = 2*z**3 + 15*z**2 + 2*z + 7. List the prime factors of a(g).
2, 3, 7
Let k(p) = 75*p + 425. Let r(n) = 38*n + 214. Let w(h) = 6*k(h) - 13*r(h). What are the prime factors of w(-22)?
2, 23
Let w(f) = 276*f**2 - 75*f + 209. Let x(c) = -92*c**2 + 25*c - 70. Let t(o) = 3*w(o) + 8*x(o). What are the prime factors of t(3)?
2, 5, 41
Let i = 79238 - 56311. List the prime factors of i.
101, 227
Let r = 5709 - -6792. What are the prime factors of r?
3, 463
Let a(b) be the first derivative of 76*b**3/3 + 9*b**2/2 - 11*b + 88. List the prime factors of a(2).
311
Suppose 2549 - 16209 = 10*i. Let v = -846 - i. List the prime factors of v.
2, 5, 13
Let a = 114 + -124. Let s = a + 10. Suppose 2*v - 5*w - 62 = -2*w, s = -5*w + 20. List the prime factors of v.
37
Suppose 6*o - 14135 = 2*o + 3*r, -3*o + 10575 = 3*r. What are the prime factors of o?
2, 5, 353
Let y = -364 - -385. Suppose y*d - 883 = 7454. What are the prime factors of d?
397
Let j = 3875 - 2647. List the prime factors of j.
2, 307
Let g(j) = -24*j - 40. Let s = 36 - 53. List the prime factors of g(s).
2, 23
Suppose -3*t + x - 4046 = -135333, 2*t - 5*x = 87503. What are the prime factors of t?
2, 3, 7, 521
Suppose 237*h = 75 + 1110. Let r be 106 + 1 + (-6)/2. Suppose -3*a = -6*a - h*t + 143, -t - r = -2*a. What are the prime factors of a?
3, 17
Let u = 13810 + -8884. What are the prime factors of u?
2, 3, 821
Let b = 85 + -45. Suppose 16 = -4*s + b. Suppose -2*t - 176 = -s*t. List the prime factors of t.
2, 11
Let u(k) = -531*k + 32. Let c be u(-2). Let a = -657 + c. List the prime factors of a.
19, 23
Let z = 48252 - -20402. List the prime factors of z.
2, 34327
Suppose -3*r + 30 = 3*a, 10*a = 5*a - 4*r + 45. Suppose -5*j - 3825 = -5*m, -a*j + 1509 = -9*m + 11*m. List the prime factors of m.
2, 3, 127
Suppose 5*h = -2*h + 21. Suppose j = -h*s + 70, -2*j = s + 2*j - 16. What are the prime factors of s?
2, 3
Let y = 19284 - 7930. List the prime factors of y.
2, 7, 811
Let c(y) = 18*y + 153. Let g be 5 + (1 - 7) + -7. List the prime factors of c(g).
3
Let r(h) = 81*h**2 - 23*h - 98. What are the prime factors of r(-7)?
2, 3, 7
What are the prime factors of 16/24*(-17190)/(-20)?
3, 191
Let r(v) = -v**3 - 31*v**2 + 55*v + 1698. Let u be r(-31). Let c(a) = -9*a. Let l be c(5). Let s = u - l. What are the prime factors of s?
2, 19
What are the prime factors of 102630/385 - 4/(-56)*6?
3, 89
Let m(v) be the second derivative of -v**4/12 + 17*v**3/6 - 13*v**2/2 + 16*v. Let g = -27 - -36. List the prime factors of m(g).
59
Suppose 186063 = 5*p + 2*z, 2*p + 417*z - 74406 = 421*z. List the prime factors of p.
127, 293
Suppose 3*l + 2*p = 12197, -38*l - 5*p + 20325 = -33*l. What are the prime factors of l?
7, 83
Let f(n) = -9*n + 5. Let j be f(-8). Let i = -81 + j. What are the prime factors of 2/8 + (i - 393/(-12))?
29
Suppose 0 = 4*i + 4*x + 16, -2*x - 4 = -i + 4. Suppose i = -2*n + 6, -2*c + 637 = -5*n + 2*n. List the prime factors of c.
17, 19
Let o be (-5)/(3 + -4)*3. Let t be ((-265)/o)/((-3)/9*1). Let r = t - 20. List the prime factors of r.
3, 11
Let c(j) = -12075*j + 782. What are the prime factors of c(-2)?
2, 23, 271
Let a(j) = 2 + 4 + 2*j**2 + 6*j + 1. Suppose 145*n - 11 = 146*n + 2*q, -5*q - 14 = -2*n. What are the prime factors of a(n)?
7
Let z = 2553 - 168. List the prime factors of z.
3, 5, 53
Suppose 524165 + 220495 = 126*m. List the prime factors of m.
2, 3, 5, 197
Let z = -83 - -87. Suppose -5*w + 40 = 3*c, c = -4*w - z*c + 45. Suppose -w*l - i + 6*i = -1070, -5*l = -i - 1050. List the prime factors of l.
11, 19
Suppose 0 = -3*b + 4*n + 360, 3*b + 2*b + 2*n = 600. Suppose -4*d - 2*d + b = 0. Suppose 19*x - d*x = -127. What are the prime factors of x?
127
Let q = -18254 + 32463. What are the prime factors of q?
13, 1093
Suppose -b = -l - 367, l - 1181 + 438 = -2*b. Let j = b - -83. List the prime factors of j.
3, 151
Suppose 3*a + h = -2*a - 3218, -3*h + 2563 = -4*a. Let q = a + 1273. What are the prime factors of q?
2, 3, 5, 7
List the prime factors of (-576)/(-4)*6461/26.
2, 3, 7, 71
List the prime factors of (1256/(-942))/(4/(-3210)).
2, 5, 107
Let c(m) = -m**3 + m**2 + m + 55. Let t be c(0). Let u = t + -55. Suppose 89*x - 84*x - 590 = u. What are the prime factors of x?
2, 59
Let a(c) = 1 - c - 8*c + 7*c. Let p be a(-2). Suppose -p*i + 74 = -f, 2*f - 33 = -2*i - f. List the prime factors of i.
3, 5
Let n(l) = 9*l - 98. Let k be n(10). List the prime factors of (4 - (-4)/k)*124.
2, 7, 31
Let d be 1/(2 - 9625/4815). Let u = d - 817. List the prime factors of u.
2, 73
Let p = 541 - 530. List the prime factors of (p + 1)/((-78)/(-3796)).
2, 73
Suppose l + 2502 = 4454 + 7095. What are the prime factors of l?
83, 109
Let r be (-9)/(99/(-154)) - (5 + 1). Suppose 22425 = 7*a + r*a. What are the prime factors of a?
5, 13, 23
Suppose -2*q = -3*s - 15, 0 = 5*q - q + 4*s. Suppose 7 = d - w, q*d + 2 + 1 = -5*w. What are the prime factors of (d + -5)*-97 - -1?
2, 7
Let m(z) = -z**2 - 13*z + 7. Let w(n) = 5*n - 65. Let s be w(12). What are the prime factors of m(s)?
47
What are the prime factors of ((194145/(-20))/(-7))/(18/24)?
43
Let r(s) = -s**3 + 2*s**2 + 12*s - 17. Let f be r(3). Suppose 4333 + 1687 = f*p. What are the prime factors of p?
2, 7, 43
Suppose 0 = 159*v + 1979155 - 5852077. List the prime factors of v.
2, 19, 641
Suppose 3*c - 5 = -0*k - 5*k, -3*c + 2 = 2*k. Let h be 915/6 + k + (-1)/(-2). List the prime factors of 60/(-8)*(-1 - h/6).
2, 5
Suppose 8*z + 0*z - 141990 = 2*z. What are the prime factors of z?
5, 4733
Let w(z) = 23*z - 75. Let q be (3*-1 - (-11 + 8)) + 18. List the prime factors of w(q).
3, 113
Let t be 3/(-2)*(-20)/6. Suppose x = -2*x - t*r + 724, -3*r = -x + 246. Let i = x + -149. List the prime factors of i.
2, 47
Let b(p) = -247*p + 384 + 122*p + 86*p. What are the prime factors of b(-34)?
2, 3, 5, 19
Let k(a) = -23161*a + 28. List the prime factors of k(-2).
2, 3, 5, 103
Suppose -11 = -4*d - x, 7*d + 4*x + 24 = 8*d. Suppose -229 = -d*k - 93. What are the prime factors of k?
2, 17
Let a(d) = -d**3 + 2*d**2 + d + 2. Let m(c) = -19*c**2 - 8*c - 47. Let p(x) = a(x) - m(x). List the prime factors of p(20).
17, 37
Let j(s) be the third derivative of -s**4/24 + 11*s**3/6 - 4*s**2. Let w be j(6). Suppose -6*a + a + 55 = 5*i, -a = w*i - 11. What are the prime factors of a?
11
Let b(s) = 105*s - 35. Let i be b(14). Suppose 5*l - i = 5*x, 0 = -3*l - 3*x + 2*x + 869. What are the prime factors of l?
17
Let w = 28 + -23. Suppose -3*m = 4*g - m - 46, -4*g + 39 = -w*m. Suppose 3*k - g*k + 656 = 0. What are the prime factors of k?
2, 41
Let p be (2 - (-14)/4) + (-24)/(-48). Suppose 1065 = 4*n - p*v + v, -5*v - 800 = -3*n. List the prime factors of n.
5, 53
Let z = -103 + 112. Suppose -2*j - 2*u = -8, -4 = z*j - 10*j + 5*u. Suppose -217 = -j*b + 819. What are the prime factors of b?
7, 37
Let z(k) = k**2 + 23*k - 72. Let d be z(25). Suppose 0 = 6*o + d - 3954. What are the prime factors of o?
3, 157
Let l(a) = a**3 + 12*a**2 - a - 10. Let n be l(-12). Suppose -n = -f + 1, 3*p - 171 = -3*f. Suppose p - 14 = b. List the prime factors of b.
2, 5
Suppose 2*x + 20 - 38 = 0. Suppose 3*a - x*a + 12 = 0. Suppose -8*f + 732 = -a*f. What are the prime factors of f?
2, 61
Let i be (-426)/30 - 4/5. What are the prime factors of ((-381)/i + 0)*15?
3, 127
Let g = -14297 + 27258. List the prime factors of g.
13